{"id":31,"date":"2015-07-08T16:09:39","date_gmt":"2015-07-08T14:09:39","guid":{"rendered":"http:\/\/axel-thomas.de.w0135f70.kasserver.com\/?page_id=31"},"modified":"2026-03-13T16:26:05","modified_gmt":"2026-03-13T15:26:05","slug":"prakt-ablauf","status":"publish","type":"page","link":"https:\/\/www.dr-axel-thomas.de\/index.php\/prakt-ablauf\/","title":{"rendered":"Prakt. Ablauf"},"content":{"rendered":"<p>Die Psychotherapie ist eine Kassenleistung und kann mit der jeweiligen Kasse abgerechnet werden.<br \/>\nBei den Ersatzkassen und vielen Privatkassen werden die Kosten vollst\u00e4ndig \u00fcbernommen. Bei einigen Privatkassen besteht je nach gew\u00e4hltem Tarif die Notwendigkeit der Zuzahlung. Bei den Ersatzkassen umfasst das Maximalkontingent bis zu 100 Einzelstunden. Bei den Privaten Kassen ist der Umfang sehr unterschiedlich.<\/p>\n<p>Nach Kontaktaufnahme per Telefon (0151-28870221) oder per Email <a href=\"mailto:dr.axel.thomas@posteo.de\">dr.axel.thomas@posteo.de<\/a>\u00a0vereinbaren wir eine Erstgespr\u00e4chstermin in dem Sie mich kennenlernen k\u00f6nnen und wir Ihr Anliegen sowie das weitere Vorgehen gemeinsam abkl\u00e4ren.<br \/>\nSie m\u00fcssen nur ihre Krankenkassenkarte mitbringen, damit ich sie zur Abrechnung registrieren kann.<\/p>\n","protected":false},"excerpt":{"rendered":"<p>Die Psychotherapie ist eine Kassenleistung und kann mit der jeweiligen Kasse abgerechnet werden. Bei den Ersatzkassen und vielen Privatkassen werden die Kosten vollst\u00e4ndig \u00fcbernommen. Bei einigen Privatkassen besteht je nach gew\u00e4hltem Tarif die Notwendigkeit der Zuzahlung. Bei den Ersatzkassen umfasst das Maximalkontingent bis zu 100 Einzelstunden. Bei den Privaten Kassen ist der Umfang sehr unterschiedlich. [&hellip;]<\/p>\n","protected":false},"author":1,"featured_media":0,"parent":0,"menu_order":0,"comment_status":"closed","ping_status":"closed","template":"index_full_width_headline.php","meta":{"footnotes":""},"class_list":["post-31","page","type-page","status-publish","hentry"],"_links":{"self":[{"href":"https:\/\/www.dr-axel-thomas.de\/index.php\/wp-json\/wp\/v2\/pages\/31","targetHints":{"allow":["GET"]}}],"collection":[{"href":"https:\/\/www.dr-axel-thomas.de\/index.php\/wp-json\/wp\/v2\/pages"}],"about":[{"href":"https:\/\/www.dr-axel-thomas.de\/index.php\/wp-json\/wp\/v2\/types\/page"}],"author":[{"embeddable":true,"href":"https:\/\/www.dr-axel-thomas.de\/index.php\/wp-json\/wp\/v2\/users\/1"}],"replies":[{"embeddable":true,"href":"https:\/\/www.dr-axel-thomas.de\/index.php\/wp-json\/wp\/v2\/comments?post=31"}],"version-history":[{"count":8,"href":"https:\/\/www.dr-axel-thomas.de\/index.php\/wp-json\/wp\/v2\/pages\/31\/revisions"}],"predecessor-version":[{"id":317,"href":"https:\/\/www.dr-axel-thomas.de\/index.php\/wp-json\/wp\/v2\/pages\/31\/revisions\/317"}],"wp:attachment":[{"href":"https:\/\/www.dr-axel-thomas.de\/index.php\/wp-json\/wp\/v2\/media?parent=31"}],"curies":[{"name":"wp","href":"https:\/\/api.w.org\/{rel}","templated":true}]}}